 Let w be t(-14). Suppose 3*r - w = 45. What is the remainder when r is divided by 48/2 - 18/(-9)?
25
Let r = -12 + 36. Suppose -j - 3*j = -r. Calculate the remainder when j is divided by 2.
0
Let d = 16 - 8. Suppose -q + 1 = 0, 3*t + 3*q - 20 = 16. Calculate the remainder when t is divided by d.
3
Suppose -7 = v - 5*c + 10, 5*c = -v - 17. Let f(u) = u**3 + 17*u**2 - 2*u + 10. What is the remainder when f(v) is divided by 10?
4
Let s(p) = p**3 - 5*p**2 + 4*p + 2. Let g be s(4). Suppose 0 = -g*z + 87 + 19. Calculate the remainder when z is divided by 14.
11
Suppose 5*m - 2*v = 3*m + 550, -5*m - 5*v + 1335 = 0. Calculate the remainder when m is divided by 58.
39
Suppose -2*l - 3*s = -67, -4*l + 0*l - 5*s = -137. Let o = 124 - l. What is the remainder when o is divided by 22?
20
Let m = -400 - -457. What is the remainder when m is divided by 1?
0
Let c = 43 + -41. Suppose g + g = c. What is the remainder when 3 is divided by g?
0
Let h = -11 + 14. Suppose y + h*y + w + 13 = 0, -w = -4*y - 3. Let x(k) = -k + 1. What is the remainder when 9 is divided by x(y)?
0
Suppose 18*r + 2993 - 3305 = -6*r. Suppose 0 = -3*m + 160 - 7. Calculate the remainder when m is divided by r.
12
Let x be (27 - -28) + 0/(1 - 0). Suppose 0*k - x = -5*k. What is the remainder when 43 is divided by k?
10
Let n(v) = -v**3 + 8*v**2 - 4*v - 2. Suppose -4*u - 2*l = 18, l - 22 = u + 5*l. Let z be (u/3)/((-4)/42). What is the remainder when 75 is divided by n(z)?
18
Let f(d) be the third derivative of d**5/60 + d**4/24 - d**3/3 - 2*d**2. Let v be -1 - (-3 + 4 + -4). What is the remainder when 7 is divided by f(v)?
3
Calculate the remainder when (-4 - 417/9)*-3 is divided by 13.
8
Let n = -71 + 106. Let c = n - -11. What is the remainder when 229 is divided by c?
45
Suppose 3*n + 5*s + 19 = 0, -n - 4*s = -9 + 27. Suppose -6 = -3*k, n*f + 3*k - 42 = 50. Let w = f - 32. What is the remainder when w is divided by 4?
3
Suppose -117 = -2*r + 3*i - 15, 0 = r + 3*i - 33. Let x = -26 + r. What is the remainder when x is divided by (3/(-2) + 2)*14?
5
Calculate the remainder when 92 is divided by (-2061)/(-42) + 2 + 26/(-364).
41
Suppose 4*j + 1 = -5*b + 236, 2*j + 3*b - 119 = 0. Suppose 2*r = 30 + 138. What is the remainder when r is divided by 11/(j/170) - 5?
26
Suppose 2*u - 3 - 3 = 0. Let t be 0/(u + -4 - -3). Suppose -3*s - 2*r + 84 = t, -3*r + r - 6 = 0. Calculate the remainder when s is divided by 11.
8
Let t(j) = 30*j**2 - 1. Let c(u) = -14*u - 43. Calculate the remainder when c(-7) is divided by t(-1).
26
Suppose 3*p - 3*o = 2*p + 21, 0 = -2*p - 3*o + 15. Suppose 0 = -d + 4*d - p. What is the remainder when 12 is divided by d?
0
Suppose -21*w + 630 = 14*w. What is the remainder when 104 is divided by w?
14
Let o be (2/4)/((-39)/(-624)). Suppose o = -4*p, 2*n - p - 6 - 68 = 0. Suppose 4*d = d + 39. Calculate the remainder when n is divided by d.
10
Let c be (-650)/(-6) - 16/(-24). Suppose -2*x - 2*m + 175 = 3*x, -3*x = 2*m - c. Calculate the remainder when x is divided by 6.
3
Calculate the remainder when 419 + -2 + (-11 - -6) + 7 is divided by 30.
29
Suppose 6 = -n - 0*n. Let z(l) = -6*l - 20. Calculate the remainder when 61 is divided by z(n).
13
Let s = -21 - -32. Calculate the remainder when (-19)/((4 + -3)*-1) is divided by s.
8
Suppose 12*c = 208 + 104. Suppose -3*g - 8 = -32. Calculate the remainder when c is divided by g.
2
Let j be (-3)/(-9) + 3/(-9). Suppose j = 7*u - 4*u + 6. What is the remainder when 1/((-1)/122*u) is divided by 21?
19
Suppose 94 - 292 = -33*w. Let j(y) = -3*y - 9. Let d(c) = c - 2. Let z be d(-4). What is the remainder when j(z) is divided by w?
3
Let d(c) = 6*c**2 + 2*c - 1. Suppose 0 = -3*y - 0*y - q + 122, 0 = 2*y - 3*q - 85. Let s = y + 10. Calculate the remainder when s is divided by d(2).
24
Let q(o) = 41*o**2 - 5*o + 8. Let x(g) = 123*g**2 - 14*g + 23. Let c(b) = -17*q(b) + 6*x(b). What is the remainder when c(-1) is divided by 16?
10
Suppose 77 = 4*x + 5*w, -93 + 42 = -3*x + 3*w. Let q(n) = -17*n + 2. Let b be q(6). Let i = 168 + b. Calculate the remainder when i is divided by x.
14
Suppose 2*o - 11 = 9. Let p(s) be the first derivative of -s**4/4 + 8*s**3/3 - 3*s**2 + 5. What is the remainder when p(6) is divided by o?
6
Let n(c) = 2*c. Let h be n(1). Suppose -38*z = -25*z - 169. What is the remainder when h/((6/(-111))/(-1)) is divided by z?
11
Suppose -81*c = -96*c + 135. Let s(y) = -y**2 - 2*y - 3. Let t be s(-2). What is the remainder when c is divided by (-15)/9*t/1?
4
Suppose 1 + 14 = -3*g, -5*g = -5*y + 35. Suppose y*z - 12 + 0 = 0. Calculate the remainder when 15 is divided by z.
3
Let h(a) = -66*a + 410. What is the remainder when 111 is divided by h(6)?
13
Let c be (-18)/(-3) - (1 - -1). Let f be c/2 + 0 - -16. Calculate the remainder when (-52)/3*f/(-12) is divided by 7.
5
Let i be (60/(-135))/(-3*2/27). Let x(w) = 15*w - 3. Calculate the remainder when x(i) is divided by 4.
3
Let u(a) = -11*a - 11. Let v be 12/(-15)*(35/2)/7. What is the remainder when 27 is divided by u(v)?
5
Let f = -257 - -288. Calculate the remainder when 122 is divided by f.
29
Let y(m) = 8*m**2 + 51*m - 8. Calculate the remainder when 75 is divided by y(-7).
21
Suppose 0 = -7*b + 61 + 751. Calculate the remainder when b is divided by 20.
16
Calculate the remainder when (14/1 - 7) + 39 is divided by 21.
4
Suppose -5*k = -2*v - 5, 11 + 64 = 5*v + 5*k. Let x = -87 + v. What is the remainder when ((-4)/(-2))/(-2)*x is divided by 20?
17
Suppose 3*t + 2*h - 9 + 1 = 0, -5*t = 2*h - 12. Calculate the remainder when 2 - (2 - t)*-1 is divided by -3 + (-5)/(-1) + -1.
0
Suppose 0*r = r - 475. Suppose 4*d - 205 - r = 0. Calculate the remainder when d is divided by 43.
41
Suppose 0 = 3*d - 4*d. Suppose d = 8*t - 3*t - 125. What is the remainder when t is divided by 14?
11
Let u(a) = 50*a - 9. Let x be u(5). Suppose x = -8*t + 1. Let g = -28 - t. What is the remainder when 5 is divided by g?
1
Suppose 2*f = -5*c + 177 + 242, -2*f + 4*c + 410 = 0. Calculate the remainder when f is divided by 75.
57
Suppose -22*w = -0*w - 1298. What is the remainder when w is divided by 33?
26
Calculate the remainder when 214 is divided by ((-1)/(-1))/(-14 + (-1905)/(-135)).
7
Let f(v) = v**3 - 16*v**2 + 18*v - 34. Let h(j) = -15*j - 15. Let l be h(-2). Calculate the remainder when 21 is divided by f(l).
10
Suppose 5*c = -18 + 43. Suppose -22 = w - 23. Let j(r) = 12*r + 7. Calculate the remainder when j(w) is divided by c.
4
Let j(h) = h + 42. What is the remainder when j(-14) is divided by 13?
2
Let d be ((-33)/6 + -1)*-10. Suppose 4*i - 42 = -2*o, -5*i + 0 + d = 5*o. Suppose i*m = 5*m + 84. What is the remainder when 54 is divided by m?
26
Suppose 5*w = 3*q + 89, 2*q - 4*w + 2*w = -54. Let c = 61 + q. Suppose -4*i = -2*i - 40. Calculate the remainder when c is divided by i.
18
Calculate the remainder when 93 is divided by 4/(8/10) + -8 + 11.
5
Let g(i) = 7*i - i + 2*i**2 - 2 + 2*i. Let l(h) = -8*h**3 - 2*h**2 - 8*h - 7. What is the remainder when l(-2) is divided by g(-6)?
21
Let b be (-4)/(-14) - 327/(-7). Suppose 0 = -5*p + b + 13. Calculate the remainder when 57 is divided by p.
9
Suppose -32*g + 35*g - 162 = 3*u, 5*u = -5*g + 260. Calculate the remainder when g is divided by 11.
9
Let w = -239 - -263. What is the remainder when w is divided by 9?
6
Suppose 7*i + 79 = m + 2*i, 351 = 5*m - 3*i. Suppose 4*l - 76 - 64 = 0. What is the remainder when m is divided by l?
34
Let a(r) = -2*r + 15. Suppose 0*z + 2*z - 14 = 0. Let t = -2 + 3. What is the remainder when t is divided by a(z)?
0
Suppose 0 = -5*j + 12 - 32. Let h(y) = -6*y - 2. Calculate the remainder when ((-58)/(-6))/(5 - (-88)/(-18)) is divided by h(j).
21
Let t = -891 + 1442. Calculate the remainder when t is divided by 43.
35
Let f = -243 - -269. What is the remainder when 91 is divided by f?
13
Let p be 0 - -12 - (-4 + 3). Suppose p = i - 0*i. What is the remainder when 588/30*(-10)/(-4) is divided by i?
10
Suppose 3*n + 4*u = 423, 12*u = 5*n + 7*u - 705. Let k = 8 - -4. What is the remainder when n is divided by k?
9
Suppose 2*v + 12 = 2*c - 26, -4*v - 32 = -2*c. Suppose c = -3*h - 11. Let f = 25 + h. Calculate the remainder when 40 is divided by f.
12
Let z be -2 - (-21)/(-1 - -4). Suppose z*c + 51 = 71. Calculate the rem